igit of 110336?
3
What is the units digit of 682328685?
5
What is the hundred thousands digit of 47471529?
4
What is the ten millions digit of 75010391?
7
What is the ten thousands digit of 8433405?
3
What is the tens digit of 7250570?
7
What is the ten thousands digit of 626850784?
5
What is the units digit of 358310205?
5
What is the units digit of 4486852987?
7
What is the millions digit of 574956843?
4
What is the units digit of 387422455?
5
What is the thousands digit of 392617471?
7
What is the hundred thousands digit of 25992671?
9
What is the tens digit of 36798879?
7
What is the tens digit of 709448684?
8
What is the hundred millions digit of 444711252?
4
What is the millions digit of 2616025888?
6
What is the hundred thousands digit of 54439584?
4
What is the units digit of 3632639749?
9
What is the hundred millions digit of 1225373057?
2
What is the ten thousands digit of 2013214615?
1
What is the units digit of 4657165?
5
What is the ten millions digit of 1423718338?
2
What is the billions digit of 1008612474?
1
What is the tens digit of 7921949?
4
What is the tens digit of 22933064?
6
What is the tens digit of 33267449?
4
What is the millions digit of 24976605?
4
What is the hundred thousands digit of 67770432?
7
What is the ten millions digit of 51952163?
5
What is the hundreds digit of 51712332?
3
What is the hundred millions digit of 211247289?
2
What is the millions digit of 77311123?
7
What is the hundred millions digit of 1730061991?
7
What is the billions digit of 1786617017?
1
What is the tens digit of 733580491?
9
What is the ten thousands digit of 92846161?
4
What is the hundred thousands digit of 1095457154?
4
What is the units digit of 110630878?
8
What is the ten millions digit of 18317174?
1
What is the ten thousands digit of 988492764?
9
What is the hundreds digit of 952833729?
7
What is the hundred millions digit of 102557081?
1
What is the tens digit of 11075747?
4
What is the hundreds digit of 159937852?
8
What is the hundred millions digit of 202285107?
2
What is the ten thousands digit of 1416544756?
4
What is the hundred thousands digit of 784802212?
8
What is the hundred thousands digit of 556683214?
6
What is the ten thousands digit of 1149233855?
3
What is the ten thousands digit of 53088539?
8
What is the hundred thousands digit of 171873505?
8
What is the hundred thousands digit of 48148327?
1
What is the hundred thousands digit of 16706868?
7
What is the units digit of 397494134?
4
What is the millions digit of 344520031?
4
What is the units digit of 592529838?
8
What is the ten millions digit of 26232825?
2
What is the tens digit of 963007192?
9
What is the ten millions digit of 950966614?
5
What is the hundreds digit of 321314524?
5
What is the hundred thousands digit of 1758127300?
1
What is the tens digit of 1021561283?
8
What is the ten thousands digit of 31448997?
4
What is the thousands digit of 1062118581?
8
What is the millions digit of 775947874?
5
What is the units digit of 44995620?
0
What is the hundreds digit of 57149292?
2
What is the thousands digit of 1228064646?
4
What is the hundred millions digit of 858826808?
8
What is the hundreds digit of 22387355?
3
What is the millions digit of 5028537?
5
What is the ten thousands digit of 447627950?
2
What is the ten thousands digit of 103133284?
3
What is the hundred millions digit of 1448783417?
4
What is the units digit of 214155333?
3
What is the hundreds digit of 1407020890?
8
What is the billions digit of 3961685469?
3
What is the hundred thousands digit of 65216803?
2
What is the tens digit of 437097107?
0
What is the hundred thousands digit of 43863552?
8
What is the ten thousands digit of 351022040?
2
What is the ten millions digit of 120924777?
2
What is the ten thousands digit of 303744633?
4
What is the ten millions digit of 104616789?
0
What is the hundred thousands digit of 134309327?
3
What is the hundred thousands digit of 1093140579?
1
What is the billions digit of 2451397915?
2
What is the millions digit of 317664952?
7
What is the thousands digit of 71332433?
2
What is the millions digit of 244640888?
4
What is the hundred thousands digit of 525644814?
6
What is the hundreds digit of 81867890?
8
What is the thousands digit of 32517306?
7
What is the hundreds digit of 965364738?
7
What is the hundreds digit of 504075?
0
What is the billions digit of 1450108477?
1
What is the millions digit of 88821303?
8
What is the units digit of 752351349?
9
What is the ten millions digit of 658208816?
5
What is the units digit of 105892940?
0
What is the tens digit of 25273243?
4
What is the ten millions digit of 664721617?
6
What is the millions digit of 26161812?
6
What is the millions digit of 28983647?
8
What is the ten thousands digit of 140825185?
2
What is the thousands digit of 1507203255?
3
What is the thousands digit of 49147605?
7
What is the hundred thousands digit of 6546600510?
6
What is the hundred thousands digit of 88347044?
3
What is the hundred millions digit of 683244349?
6
What is the hundreds digit of 393358?
3
What is the hundreds digit of 73796454?
4
What is the millions digit of 155738969?
5
What is the ten thousands digit of 236693123?
9
What is the ten thousands digit of 7944818?
4
What is the millions digit of 2411239920?
1
What is the ten millions digit of 517166836?
1
What is the units digit of 3274950573?
3
What is the ten millions digit of 29402826?
2
What is the tens digit of 90855407?
0
What is the hundred thousands digit of 66617885?
6
What is the units digit of 3501293932?
2
What is the thousands digit of 101270336?
0
What is the tens digit of 43224617?
1
What is the hundred thousands digit of 8124243?
1
What is the millions digit of 1289475160?
9
What is the hundred thousands digit of 2219966?
2
What is the tens digit of 145814797?
9
What is the hundreds digit of 53920648?
6
What is the units digit of 34332605?
5
What is the hundred millions digit of 506130611?
5
What is the thousands digit of 303497592?
7
What is the tens digit of 456717?
1
What is the hundred millions digit of 2180833114?
1
What is the ten millions digit of 1945358463?
4
What is the hundred thousands digit of 182360655?
3
What is the units digit of 906124196?
6
What is the ten millions digit of 28375007?
2
What is the hundred millions digit of 375577805?
3
What is the thousands digit of 6015345537?
5
What is the tens digit of 73949088?
8
What is the ten millions digit of 461850736?
6
What is the hundred thousands digit of 156829718?
8
What is the hundreds digit of 81302136?
1
What is the billions digit of 1012121409?
1
What is the hundred millions digit of 563923542?
5
What is the thousands digit of 167760369?
0
What is the hundred thousands digit of 79644220?
6
What is the ten thousands digit of 127207042?
0
What is the millions digit of 477120365?
7
What is the millions digit of 2168205619?
8
What is the hundreds digit of 3944678570?
5
What is the tens digit of 48517054?
5
What is the units digit of 9421136?
6
What is the hundred thousands digit of 17227265?
2
What is the millions digit of 35460346?
5
What is the hundreds digit of 27404780?
7
What is the tens digit of 162529657?
5
What is the ten millions digit of 122272030?
2
What is the ten thousands digit of 1997805574?
0
What is the units digit of 76656465?
5
What is the ten millions digit of 17052004?
1
What is the ten thousands digit of 37509450?
0
What is the millions digit of 1687730264?
7
What is the hundreds digit of 175312036?
0
What is the thousands digit of 350782983?
2
What is the tens digit of 4807177?
7
What is the hundred thousands digit of 233735353?
7
What is the millions digit of 106566056?
6
What is the thousands digit of 212674340?
4
What is the ten millions digit of 33717865?
3
What is the units digit of 5200260015?
5
What is the ten millions digit of 260778232?
6
What is the ten thousands digit of 80284450?
8
What is the millions digit of 307110650?
7
What is the ten millions digit of 654216893?
5
What is the thousands digit of 471842631?
2
What is the millions digit of 14292871?
4
What is the thousands digit of 94681143?
1
What is the ten millions digit of 2146189391?
4
What is the ten thousands digit of 56124442?
2
What is the tens digit of 173327396?
9
